{"id":10,"date":"2014-10-25T19:50:56","date_gmt":"2014-10-25T19:50:56","guid":{"rendered":"http:\/\/antikfoto.hu\/wp\/?page_id=10"},"modified":"2017-09-23T22:24:58","modified_gmt":"2017-09-23T20:24:58","slug":"vendegkonyv","status":"publish","type":"page","link":"https:\/\/antikfoto.hu\/?page_id=10","title":{"rendered":"Vend\u00e9gk\u00f6nyv"},"content":{"rendered":"<div style=\"text-align: center;\">\n<div class=\"gwolle-gb\"><div class=\"gwolle-gb-messages-top-container\"><\/div>\n\t\t\t<div class=\"gwolle-gb-write-button\">\n\t\t\t\t<input type=\"button\" name=\"gwolle-gb-write-button\" class=\"button btn btn-default \" value=\"Write a new entry.\" aria-expanded=\"false\" \/>\n\t\t\t<\/div>\n\t\t\t<form action=\"#\" method=\"POST\" class=\"gwolle-gb-write gwolle-gb-hide gwolle-gb-float gwolle-gb-form-ajax gwolle-gb-ajax gwolle-gb-not-logged-in\">\n\t\t\t\t<h3>\u00cdrjon valamit a vend\u00e9gk\u00f6nyvbe<\/h3>\n\t\t\t\t<button type=\"button\" class=\"gb-notice-dismiss\">x<span class=\"screen-reader-text\">Hide this form.<\/span><\/button>\n\t\t\t\n\t\t\t\t<input type=\"hidden\" name=\"gwolle_gb_function\" class=\"gwolle_gb_function\" value=\"add_entry\" \/><input type=\"hidden\" name=\"gwolle_gb_book_id\" class=\"gwolle_gb_book_id\" value=\"1\" \/><div class=\"gwolle_gb_df33dd69fd9e51e68cb7fa26ba0a9c0b\">\n\t\t\t\t<div class=\"label\"><label for=\"gwolle_gb_df33dd69fd9e51e68cb7fa26ba0a9c0b-1\" class=\"text-info\">Name <span class=\"required\">*<\/span><\/label><\/div>\n\t\t\t\t<div class=\"input\"><input class=\"wp-exclude-emoji gwolle_gb_df33dd69fd9e51e68cb7fa26ba0a9c0b\" value=\"\" type=\"text\" id=\"gwolle_gb_df33dd69fd9e51e68cb7fa26ba0a9c0b-1\" name=\"gwolle_gb_df33dd69fd9e51e68cb7fa26ba0a9c0b\" required \/><\/div>\n\t\t\t\t<div class=\"clearBoth\">&nbsp;<\/div>\n\t\t\t<\/div><div class=\"gwolle_gb_e5563475c03469ff300e8f7813682c36\">\n\t\t\t\t<div class=\"label\"><label for=\"gwolle_gb_e5563475c03469ff300e8f7813682c36-1\" class=\"text-info\">Email <span class=\"required\">*<\/span><\/label><\/div>\n\t\t\t\t<div class=\"input\"><input class=\"gwolle_gb_e5563475c03469ff300e8f7813682c36\" value=\"\" type=\"email\" id=\"gwolle_gb_e5563475c03469ff300e8f7813682c36-1\" name=\"gwolle_gb_e5563475c03469ff300e8f7813682c36\" required \/><\/div>\n\t\t\t\t<div class=\"clearBoth\">&nbsp;<\/div>\n\t\t\t<\/div>\n\t\t\t<div class=\"gwolle_gb_78ba4fa42fc39ec453146746779a51a0\" style=\"display:none;overflow:hidden;\" hidden=\"true\" aria-hidden=\"true\">\n\t\t\t\t<div class=\"label\">\n\t\t\t\t\t<label for=\"gwolle_gb_78ba4fa42fc39ec453146746779a51a0-1\" class=\"text-primary\">Do not touch this<\/label>\n\t\t\t\t\t<label for=\"gwolle_gb_b21d1bbb4403793c392d2468747bf27e-1\" class=\"text-primary\">Do not touch this<\/label>\n\t\t\t\t<\/div>\n\t\t\t\t<div class=\"input\">\n\t\t\t\t\t<input value=\"65\" type=\"text\" id=\"gwolle_gb_78ba4fa42fc39ec453146746779a51a0-1\" name=\"gwolle_gb_78ba4fa42fc39ec453146746779a51a0\" class=\"gwolle_gb_78ba4fa42fc39ec453146746779a51a0\" style=\"transform: translateY(10000px);\" \/>\n\t\t\t\t\t<input value=\"\" type=\"text\" name=\"gwolle_gb_b21d1bbb4403793c392d2468747bf27e\" id=\"gwolle_gb_b21d1bbb4403793c392d2468747bf27e-1\" class=\"gwolle_gb_b21d1bbb4403793c392d2468747bf27e\" style=\"transform: translateY(10000px);\" \/>\n\t\t\t\t<\/div>\n\t\t\t\t<div class=\"clearBoth\"><\/div>\n\t\t\t<\/div>\n\t\t\t<div class=\"gwolle_gb_6eda11185bb52558b214d5ab8f464e54\" style=\"display:none;overflow:hidden;\" hidden=\"true\" aria-hidden=\"true\">\n\t\t\t\t<div class=\"label\">\n\t\t\t\t\t<label for=\"gwolle_gb_6eda11185bb52558b214d5ab8f464e54-1\" class=\"text-primary\">Do not touch this<\/label>\n\t\t\t\t\t<label for=\"gwolle_gb_1e8bcc2918504b33d863c250835863eb-1\" class=\"text-primary\">Do not touch this<\/label>\n\t\t\t\t<\/div>\n\t\t\t\t<div class=\"input\">\n\t\t\t\t\t<input value=\"63121\" type=\"text\" id=\"gwolle_gb_6eda11185bb52558b214d5ab8f464e54-1\" name=\"gwolle_gb_6eda11185bb52558b214d5ab8f464e54\" class=\"gwolle_gb_6eda11185bb52558b214d5ab8f464e54\" style=\"transform: translateY(10000px);\" \/>\n\t\t\t\t\t<input value=\"63121\" type=\"text\"id=\"gwolle_gb_1e8bcc2918504b33d863c250835863eb-1\" name=\"gwolle_gb_1e8bcc2918504b33d863c250835863eb\" class=\"gwolle_gb_1e8bcc2918504b33d863c250835863eb\" style=\"transform: translateY(10000px);\" \/>\n\t\t\t\t<\/div>\n\t\t\t\t<div class=\"clearBoth\"><\/div>\n\t\t\t<\/div><div class=\"gwolle_gb_content\">\n\t\t\t\t<div class=\"label\"><label for=\"gwolle_gb_content-1\" class=\"text-info\">Guestbook entry <span class=\"required\">*<\/span><\/label><\/div>\n\t\t\t\t<div class=\"input\"><textarea id=\"gwolle_gb_content-1\" name=\"gwolle_gb_content\" class=\"gwolle_gb_content wp-exclude-emoji\" required ><\/textarea><\/div>\n\t\t\t\t\t<div class=\"clearBoth\">&nbsp;<\/div>\n\t\t\t\t<\/div><input type=\"hidden\" class=\"gwolle_gb_55a11178d9e2b71550e7a44652fc7eb5\" id=\"gwolle_gb_55a11178d9e2b71550e7a44652fc7eb5-1\" name=\"gwolle_gb_55a11178d9e2b71550e7a44652fc7eb5\" value=\"b43c714aac\" \/>\n\t\t\t<div class=\"gwolle-gb-messages-bottom-container\"><\/div>\n\n\t\t\t<noscript><div class=\"no-js\">Warning: This form can only be used if JavaScript is enabled in your browser.<\/div><\/noscript>\n\n\t\t\t<div class=\"gwolle_gb_submit gwolle-gb-submit\">\n\t\t\t\t<div class=\"label gwolle-gb-invisible text-muted\">&nbsp;<\/div>\n\t\t\t\t<div class=\"input\">\n\t\t\t\t\t<input type=\"submit\" name=\"gwolle_gb_submit\" class=\"gwolle_gb_submit button btn btn-primary \" value=\"Submit\" \/>\n\t\t\t\t\t<span class=\"gwolle_gb_submit_ajax_icon gwolle-gb-submit-ajax-icon\"><\/span>\n\t\t\t\n\t\t\t\t<\/div>\n\t\t\t\t<div class=\"clearBoth\">&nbsp;<\/div>\n\t\t\t<\/div>\n\n\t\t\t<div class=\"gwolle_gb_notice gwolle-gb-notice\">\n\t\t\t\tA * -al jel\u00f6lt mez\u0151ket k\u00f6telez\u0151 megadni.\n\t\t\t<\/div><\/form><div class=\"gwolle-gb-read gwolle-gb-ajax gwolle-gb-entries-list\" data-book_id=\"1\" data-page_id=\"1\">\n\t\t<div id=\"gwolle-gb-total\" class=\"gwolle-gb-total\">12 entries.<\/div><!-- Gwolle-GB Entry: Default Template Loaded -->\n\t\t\t\t<div class=\"gb-entry gb-entry_120 gb-entry-count_1 gwolle-gb-uneven gwolle-gb-first\" id=\"gb-entry_120\" data-entry_id=\"120\">\n\t\t\t\t<article>\n\t\t\t\t\t<div class=\"gb-author-info\">\n\t\t\t\t\t\t<span class=\"gb-author-name\">Pap Tibor\n\t\t\t\t\t\t<\/span>\n\t\t\t\t\t\t<span class=\"gb-datetime\">\n\t\t\t\t\t\t\t<span class=\"gb-date\"><span class=\"gb-date-wrote-text\"> wrote on<\/span><span class=\"gb-date-text\"> 2019. december 31.<\/span>\n\t\t\t\t\t\t\t<\/span>\n\t\t\t\t\t\t<\/span> \n\t\t\t\t\t<\/div>\n\t\t\t\t\t<div class=\"gb-entry-content\">Mint k\u00e9peslap gy\u0171jt\u0151, csak gratul\u00e1lni tudok hozz\u00e1. Tov\u00e1bbi sok sikert k\u00edv\u00e1nok!<br \/>\r\nSik\u00e1tor, 2019. december 31.\n\t\t\t\t\t<\/div>\n\t\t\t\t\t<div class=\"gb-entry-admin_reply admin-entry\">\n\t\t\t\t\t\t<div class=\"gb-admin-reply-uid\">\n\t\t\t\t\t\t\t<em>Admin Reply by: Tuska J\u00e1nos J\u00f3zsef<\/em>\n\t\t\t\t\t\t<\/div> \n\t\t\t\t\t\t<div class=\"gb-admin-reply-content\">\n\t\t\t\t\t\tKedves Pap Tibor!<br \/>\r\nK\u00f6sz\u00f6n\u00f6m a gratul\u00e1ci\u00f3j\u00e1t. K\u00e9rem, hogy ne szomorkodjon, a k\u00e9peslap gy\u0171jtem\u00e9nyem folyamatosan b\u0151v\u00fcl. A b\u00e9k\u00e9scsabai lapokb\u00f3l m\u00e1r \u00edgy is nagyon sok \u00e9rt\u00e9kes lap megvan. \u00d6nnek is tov\u00e1bbi sok sikert k\u00edv\u00e1nok a k\u00e9peslap gy\u0171jt\u00e9shez.\n\t\t\t\t\t\t<\/div>\n\t\t\t\t\t<\/div>\n\t\t\t\t<\/article>\n\t\t\t<\/div>\n\t\t\t<div class=\"gb-entry gb-entry_111 gb-entry-count_2 gwolle-gb-even\" id=\"gb-entry_111\" data-entry_id=\"111\">\n\t\t\t\t<article>\n\t\t\t\t\t<div class=\"gb-author-info\">\n\t\t\t\t\t\t<span class=\"gb-author-name\">Nagy S\u00e1ndor\n\t\t\t\t\t\t<\/span>\n\t\t\t\t\t\t<span class=\"gb-datetime\">\n\t\t\t\t\t\t\t<span class=\"gb-date\"><span class=\"gb-date-wrote-text\"> wrote on<\/span><span class=\"gb-date-text\"> 2019. janu\u00e1r 26.<\/span>\n\t\t\t\t\t\t\t<\/span>\n\t\t\t\t\t\t<\/span> \n\t\t\t\t\t<\/div>\n\t\t\t\t\t<div class=\"gb-entry-content\">A b\u00e9k\u00e9scsabai Munk\u00e1csy Eml\u00e9kh\u00e1zban a 300-as jubileumi k\u00e9peslap ki\u00e1ll\u00edt\u00e1sodon nem siker\u00fclt be\u00edrni a vend\u00e9gk\u00f6nyvedbe, de itt most megragadom az alkalmat \u00e9s gratul\u00e1lok neked, hogy k\u00f6zelebb hoztad hozz\u00e1m a r\u00e9gi B\u00e9k\u00e9scsab\u00e1t, ami csak 35 \u00e9ve az eny\u00e9m. M\u00e9gegyszer nagyon sok sikert k\u00edv\u00e1nok, mert te egyedi \u00e1llampolg\u00e1ra vagy ennek a v\u00e1rosnak, aki nagyon nagy elismer\u00e9st \u00e9s tiszteletet \u00e9rdemel, meg\u00e9rdemled egysorban eml\u00edteni t\u00e9ged a r\u00e9gi nagy \u00f6reg gy\u0171jt\u0151kkel, akik \u00fagyszint\u00e9n nagyon szerett\u00e9k B\u00e9k\u00e9s-Csab\u00e1t! \u0150szinte tisztelettel \u00e9s rajong\u00e1ssal: Nagy S\u00e1ndor<br \/>\r\nB\u00e9k\u00e9scsaba, 2019. janu\u00e1r 26.\n\t\t\t\t\t<\/div>\n\t\t\t\t<\/article>\n\t\t\t<\/div>\n\t\t\t<div class=\"gb-entry gb-entry_10 gb-entry-count_3 gwolle-gb-uneven\" id=\"gb-entry_10\" data-entry_id=\"10\">\n\t\t\t\t<article>\n\t\t\t\t\t<div class=\"gb-author-info\">\n\t\t\t\t\t\t<span class=\"gb-author-name\">T\u00edm\u00e1r K\u00e1roly\n\t\t\t\t\t\t<\/span>\n\t\t\t\t\t\t<span class=\"gb-datetime\">\n\t\t\t\t\t\t\t<span class=\"gb-date\"><span class=\"gb-date-wrote-text\"> wrote on<\/span><span class=\"gb-date-text\"> 2012. november 16.<\/span>\n\t\t\t\t\t\t\t<\/span>\n\t\t\t\t\t\t<\/span> \n\t\t\t\t\t<\/div>\n\t\t\t\t\t<div class=\"gb-entry-content\">Gratul\u00e1lok! Sz\u00e9p ig\u00e9nyes \u00e9s hi\u00e1nyp\u00f3tl\u00f3 munka. Tov\u00e1bbi fejleszt\u00e9s\u00e9hez, gy\u0171jt\u00e9s\u00e9hez sok sikert \u00e9s \u00f6r\u00f6met k\u00edv\u00e1nok.\n\t\t\t\t\t<\/div>\n\t\t\t\t\t<div class=\"gb-entry-admin_reply admin-entry\">\n\t\t\t\t\t\t<div class=\"gb-admin-reply-uid\">\n\t\t\t\t\t\t\t<em>Admin Reply:<\/em>\n\t\t\t\t\t\t<\/div> \n\t\t\t\t\t\t<div class=\"gb-admin-reply-content\">\n\t\t\t\t\t\t0\n\t\t\t\t\t\t<\/div>\n\t\t\t\t\t<\/div>\n\t\t\t\t<\/article>\n\t\t\t<\/div>\n\t\t\t<div class=\"gb-entry gb-entry_9 gb-entry-count_4 gwolle-gb-even\" id=\"gb-entry_9\" data-entry_id=\"9\">\n\t\t\t\t<article>\n\t\t\t\t\t<div class=\"gb-author-info\">\n\t\t\t\t\t\t<span class=\"gb-author-name\">Fazekas J\u00f3zsef\n\t\t\t\t\t\t<\/span>\n\t\t\t\t\t\t<span class=\"gb-datetime\">\n\t\t\t\t\t\t\t<span class=\"gb-date\"><span class=\"gb-date-wrote-text\"> wrote on<\/span><span class=\"gb-date-text\"> 2012. szeptember 13.<\/span>\n\t\t\t\t\t\t\t<\/span>\n\t\t\t\t\t\t<\/span> \n\t\t\t\t\t<\/div>\n\t\t\t\t\t<div class=\"gb-entry-content\">Ez\u00faton is gratul\u00e1lok a gy\u0171jtem\u00e9nyhez, \u00e9s \u00f6r\u00fcl\u00f6k hogy \u00e9n is adhattam Neked k\u00e9peket. Tov\u00e1bbi kitart\u00e1st a b\u0151v\u00edt\u00e9shez \ud83d\ude42<br \/>\r\nu.i.: Nagyon ig\u00e9nyes lett az oldal.\n\t\t\t\t\t<\/div>\n\t\t\t\t\t<div class=\"gb-entry-admin_reply admin-entry\">\n\t\t\t\t\t\t<div class=\"gb-admin-reply-uid\">\n\t\t\t\t\t\t\t<em>Admin Reply:<\/em>\n\t\t\t\t\t\t<\/div> \n\t\t\t\t\t\t<div class=\"gb-admin-reply-content\">\n\t\t\t\t\t\t0\n\t\t\t\t\t\t<\/div>\n\t\t\t\t\t<\/div>\n\t\t\t\t<\/article>\n\t\t\t<\/div>\n\t\t\t<div class=\"gb-entry gb-entry_8 gb-entry-count_5 gwolle-gb-uneven\" id=\"gb-entry_8\" data-entry_id=\"8\">\n\t\t\t\t<article>\n\t\t\t\t\t<div class=\"gb-author-info\">\n\t\t\t\t\t\t<span class=\"gb-author-name\">Tusjak J\u00e1nosn\u00e9\n\t\t\t\t\t\t<\/span>\n\t\t\t\t\t\t<span class=\"gb-datetime\">\n\t\t\t\t\t\t\t<span class=\"gb-date\"><span class=\"gb-date-wrote-text\"> wrote on<\/span><span class=\"gb-date-text\"> 2012. szeptember 5.<\/span>\n\t\t\t\t\t\t\t<\/span>\n\t\t\t\t\t\t<\/span> \n\t\t\t\t\t<\/div>\n\t\t\t\t\t<div class=\"gb-entry-content\">Nagyon sz\u00e9p a gy\u0171jtem\u00e9ny, gratul\u00e1lok az alkot\u00f3knak. Sok dologra eml\u00e9kszem a gyermekkorom v\u00e1rosn\u00e9z\u00e9seir\u0151l, de okos dolog a gy\u0171jt\u00f6get\u00e9s.Tov\u00e1bbi sok sikert k\u00edv\u00e1nok.\n\t\t\t\t\t<\/div>\n\t\t\t\t\t<div class=\"gb-entry-admin_reply admin-entry\">\n\t\t\t\t\t\t<div class=\"gb-admin-reply-uid\">\n\t\t\t\t\t\t\t<em>Admin Reply:<\/em>\n\t\t\t\t\t\t<\/div> \n\t\t\t\t\t\t<div class=\"gb-admin-reply-content\">\n\t\t\t\t\t\t0\n\t\t\t\t\t\t<\/div>\n\t\t\t\t\t<\/div>\n\t\t\t\t<\/article>\n\t\t\t<\/div>\n\t\t\t<div class=\"gb-entry gb-entry_7 gb-entry-count_6 gwolle-gb-even\" id=\"gb-entry_7\" data-entry_id=\"7\">\n\t\t\t\t<article>\n\t\t\t\t\t<div class=\"gb-author-info\">\n\t\t\t\t\t\t<span class=\"gb-author-name\"><a href=\"http:\/\/ipa-hungay.hu\" target=\"_blank\" rel=\"nofollow noopener noreferrer\"\n\t\t\t\t\t\t\ttitle=\"Visit the website of Dr. Paukert Tam\u00e1s: http:\/\/ipa-hungay.hu\">Dr. Paukert Tam\u00e1s<\/a>\n\t\t\t\t\t\t<\/span>\n\t\t\t\t\t\t<span class=\"gb-datetime\">\n\t\t\t\t\t\t\t<span class=\"gb-date\"><span class=\"gb-date-wrote-text\"> wrote on<\/span><span class=\"gb-date-text\"> 2012. augusztus 31.<\/span>\n\t\t\t\t\t\t\t<\/span>\n\t\t\t\t\t\t<\/span> \n\t\t\t\t\t<\/div>\n\t\t\t\t\t<div class=\"gb-entry-content\">A f\u00e1rads\u00e1gos gy\u0171jt\u0151 munka gy\u00fcm\u00f6lcse ezek az \u00e9ps\u00e9gben megmaradt k\u00e9peslapok \u00e9s fot\u00f3k k\u00f6zkincs\u00e9 t\u00e9tele. Gratul\u00e1lok!\n\t\t\t\t\t<\/div>\n\t\t\t\t\t<div class=\"gb-entry-admin_reply admin-entry\">\n\t\t\t\t\t\t<div class=\"gb-admin-reply-uid\">\n\t\t\t\t\t\t\t<em>Admin Reply:<\/em>\n\t\t\t\t\t\t<\/div> \n\t\t\t\t\t\t<div class=\"gb-admin-reply-content\">\n\t\t\t\t\t\t0\n\t\t\t\t\t\t<\/div>\n\t\t\t\t\t<\/div>\n\t\t\t\t<\/article>\n\t\t\t<\/div>\n\t\t\t<div class=\"gb-entry gb-entry_6 gb-entry-count_7 gwolle-gb-uneven\" id=\"gb-entry_6\" data-entry_id=\"6\">\n\t\t\t\t<article>\n\t\t\t\t\t<div class=\"gb-author-info\">\n\t\t\t\t\t\t<span class=\"gb-author-name\">M\u00e1t\u00e9 Szabolcs\n\t\t\t\t\t\t<\/span>\n\t\t\t\t\t\t<span class=\"gb-datetime\">\n\t\t\t\t\t\t\t<span class=\"gb-date\"><span class=\"gb-date-wrote-text\"> wrote on<\/span><span class=\"gb-date-text\"> 2012. augusztus 22.<\/span>\n\t\t\t\t\t\t\t<\/span>\n\t\t\t\t\t\t<\/span> \n\t\t\t\t\t<\/div>\n\t\t\t\t\t<div class=\"gb-entry-content\">Gratul\u00e1lok J\u00e1nos! Nagyon kifinomult sz\u00e9p munka! Ez egyed\u00fcl\u00e1ll\u00f3 itt n\u00e1lunk \ud83d\ude42\n\t\t\t\t\t<\/div>\n\t\t\t\t\t<div class=\"gb-entry-admin_reply admin-entry\">\n\t\t\t\t\t\t<div class=\"gb-admin-reply-uid\">\n\t\t\t\t\t\t\t<em>Admin Reply:<\/em>\n\t\t\t\t\t\t<\/div> \n\t\t\t\t\t\t<div class=\"gb-admin-reply-content\">\n\t\t\t\t\t\t0\n\t\t\t\t\t\t<\/div>\n\t\t\t\t\t<\/div>\n\t\t\t\t<\/article>\n\t\t\t<\/div>\n\t\t\t<div class=\"gb-entry gb-entry_5 gb-entry-count_8 gwolle-gb-even\" id=\"gb-entry_5\" data-entry_id=\"5\">\n\t\t\t\t<article>\n\t\t\t\t\t<div class=\"gb-author-info\">\n\t\t\t\t\t\t<span class=\"gb-author-name\">Nagy L\u00e1szl\u00f3n\u00e9\n\t\t\t\t\t\t<\/span>\n\t\t\t\t\t\t<span class=\"gb-datetime\">\n\t\t\t\t\t\t\t<span class=\"gb-date\"><span class=\"gb-date-wrote-text\"> wrote on<\/span><span class=\"gb-date-text\"> 2012. augusztus 21.<\/span>\n\t\t\t\t\t\t\t<\/span>\n\t\t\t\t\t\t<\/span> \n\t\t\t\t\t<\/div>\n\t\t\t\t\t<div class=\"gb-entry-content\">Gratul\u00e1lok, ez igen nagy munka volt, de nagyon sz\u00e9pen rendszerezve van. Nagyon \u00f6tletes!<br \/>\r\n\u00dcdv.: Nagy\u00e9k\n\t\t\t\t\t<\/div>\n\t\t\t\t\t<div class=\"gb-entry-admin_reply admin-entry\">\n\t\t\t\t\t\t<div class=\"gb-admin-reply-uid\">\n\t\t\t\t\t\t\t<em>Admin Reply:<\/em>\n\t\t\t\t\t\t<\/div> \n\t\t\t\t\t\t<div class=\"gb-admin-reply-content\">\n\t\t\t\t\t\t0\n\t\t\t\t\t\t<\/div>\n\t\t\t\t\t<\/div>\n\t\t\t\t<\/article>\n\t\t\t<\/div>\n\t\t\t<div class=\"gb-entry gb-entry_4 gb-entry-count_9 gwolle-gb-uneven\" id=\"gb-entry_4\" data-entry_id=\"4\">\n\t\t\t\t<article>\n\t\t\t\t\t<div class=\"gb-author-info\">\n\t\t\t\t\t\t<span class=\"gb-author-name\">Krizbai Tam\u00e1s\n\t\t\t\t\t\t<\/span>\n\t\t\t\t\t\t<span class=\"gb-datetime\">\n\t\t\t\t\t\t\t<span class=\"gb-date\"><span class=\"gb-date-wrote-text\"> wrote on<\/span><span class=\"gb-date-text\"> 2012. augusztus 21.<\/span>\n\t\t\t\t\t\t\t<\/span>\n\t\t\t\t\t\t<\/span> \n\t\t\t\t\t<\/div>\n\t\t\t\t\t<div class=\"gb-entry-content\">Szia Jani!!<br \/>\r\n<br \/>\r\nSzerintem nagyon prec\u00edzen \u00f6sszeszedett k\u00e9peket rakt\u00e1l fel! J\u00f3 l\u00e1tni,hogy hogyan n\u00e9zett ki r\u00e9gen B\u00e9k\u00e9scsaba!<br \/>\r\nSz\u00e9p volt!<br \/>\r\n<br \/>\r\n\u00dcdv :Tomi\n\t\t\t\t\t<\/div>\n\t\t\t\t\t<div class=\"gb-entry-admin_reply admin-entry\">\n\t\t\t\t\t\t<div class=\"gb-admin-reply-uid\">\n\t\t\t\t\t\t\t<em>Admin Reply:<\/em>\n\t\t\t\t\t\t<\/div> \n\t\t\t\t\t\t<div class=\"gb-admin-reply-content\">\n\t\t\t\t\t\t0\n\t\t\t\t\t\t<\/div>\n\t\t\t\t\t<\/div>\n\t\t\t\t<\/article>\n\t\t\t<\/div>\n\t\t\t<div class=\"gb-entry gb-entry_3 gb-entry-count_10 gwolle-gb-even\" id=\"gb-entry_3\" data-entry_id=\"3\">\n\t\t\t\t<article>\n\t\t\t\t\t<div class=\"gb-author-info\">\n\t\t\t\t\t\t<span class=\"gb-author-name\">Sz\u00f6ll\u0151si G\u00e1bor\n\t\t\t\t\t\t<\/span>\n\t\t\t\t\t\t<span class=\"gb-datetime\">\n\t\t\t\t\t\t\t<span class=\"gb-date\"><span class=\"gb-date-wrote-text\"> wrote on<\/span><span class=\"gb-date-text\"> 2012. augusztus 21.<\/span>\n\t\t\t\t\t\t\t<\/span>\n\t\t\t\t\t\t<\/span> \n\t\t\t\t\t<\/div>\n\t\t\t\t\t<div class=\"gb-entry-content\">Szia Jani!<br \/>\r\nNagyon frank\u00f3k a k\u00e9pek! Ezek t\u00e9nyleg nagyon sz\u00e9p eml\u00e9kek!<br \/>\r\nGratul\u00e1lok hozz\u00e1!!\n\t\t\t\t\t<\/div>\n\t\t\t\t\t<div class=\"gb-entry-admin_reply admin-entry\">\n\t\t\t\t\t\t<div class=\"gb-admin-reply-uid\">\n\t\t\t\t\t\t\t<em>Admin Reply:<\/em>\n\t\t\t\t\t\t<\/div> \n\t\t\t\t\t\t<div class=\"gb-admin-reply-content\">\n\t\t\t\t\t\t0\n\t\t\t\t\t\t<\/div>\n\t\t\t\t\t<\/div>\n\t\t\t\t<\/article>\n\t\t\t<\/div>\n\t\t\t<div class=\"gb-entry gb-entry_2 gb-entry-count_11 gwolle-gb-uneven\" id=\"gb-entry_2\" data-entry_id=\"2\">\n\t\t\t\t<article>\n\t\t\t\t\t<div class=\"gb-author-info\">\n\t\t\t\t\t\t<span class=\"gb-author-name\">Saliga Istv\u00e1n\n\t\t\t\t\t\t<\/span>\n\t\t\t\t\t\t<span class=\"gb-datetime\">\n\t\t\t\t\t\t\t<span class=\"gb-date\"><span class=\"gb-date-wrote-text\"> wrote on<\/span><span class=\"gb-date-text\"> 2012. augusztus 16.<\/span>\n\t\t\t\t\t\t\t<\/span>\n\t\t\t\t\t\t<\/span> \n\t\t\t\t\t<\/div>\n\t\t\t\t\t<div class=\"gb-entry-content\">Gratul\u00e1lok Jani! Ez az oldalad is hasonl\u00f3an sz\u00ednvonalas, mint a wenckheim.hu. J\u00f3, hogy van valaki, aki azon van, hogy meg\u0151rizze \u00e9s k\u00f6zkincs\u00e9 tegye a m\u00faltunk olyan eml\u00e9keit, melyek m\u00e1sk\u00e9pp biztos az eny\u00e9szet\u00e9 lenn\u00e9nek. K\u00f6sz\u00f6n\u00f6m mindenki nev\u00e9ben \u00e9s tov\u00e1bbi sok sikert a munk\u00e1dhoz!\n\t\t\t\t\t<\/div>\n\t\t\t\t\t<div class=\"gb-entry-admin_reply admin-entry\">\n\t\t\t\t\t\t<div class=\"gb-admin-reply-uid\">\n\t\t\t\t\t\t\t<em>Admin Reply:<\/em>\n\t\t\t\t\t\t<\/div> \n\t\t\t\t\t\t<div class=\"gb-admin-reply-content\">\n\t\t\t\t\t\t0\n\t\t\t\t\t\t<\/div>\n\t\t\t\t\t<\/div>\n\t\t\t\t<\/article>\n\t\t\t<\/div>\n\t\t\t<div class=\"gb-entry gb-entry_1 gb-entry-count_12 gwolle-gb-even\" id=\"gb-entry_1\" data-entry_id=\"1\">\n\t\t\t\t<article>\n\t\t\t\t\t<div class=\"gb-author-info\">\n\t\t\t\t\t\t<span class=\"gb-author-name\">Bucsek P\u00e9ter\n\t\t\t\t\t\t<\/span>\n\t\t\t\t\t\t<span class=\"gb-datetime\">\n\t\t\t\t\t\t\t<span class=\"gb-date\"><span class=\"gb-date-wrote-text\"> wrote on<\/span><span class=\"gb-date-text\"> 2012. augusztus 16.<\/span>\n\t\t\t\t\t\t\t<\/span>\n\t\t\t\t\t\t<\/span> \n\t\t\t\t\t<\/div>\n\t\t\t\t\t<div class=\"gb-entry-content\">Naooooon ott van a szeren, gratul\u00e1lunk hozz\u00e1! Szombaton h\u00edvlak reggel.\n\t\t\t\t\t<\/div>\n\t\t\t\t\t<div class=\"gb-entry-admin_reply admin-entry\">\n\t\t\t\t\t\t<div class=\"gb-admin-reply-uid\">\n\t\t\t\t\t\t\t<em>Admin Reply:<\/em>\n\t\t\t\t\t\t<\/div> \n\t\t\t\t\t\t<div class=\"gb-admin-reply-content\">\n\t\t\t\t\t\t0\n\t\t\t\t\t\t<\/div>\n\t\t\t\t\t<\/div>\n\t\t\t\t<\/article>\n\t\t\t<\/div>\n\t\t\t<\/div><\/div>\n<\/div>\n","protected":false},"excerpt":{"rendered":"","protected":false},"author":1,"featured_media":0,"parent":0,"menu_order":0,"comment_status":"open","ping_status":"open","template":"","meta":{"footnotes":""},"class_list":["post-10","page","type-page","status-publish","hentry"],"_links":{"self":[{"href":"https:\/\/antikfoto.hu\/index.php?rest_route=\/wp\/v2\/pages\/10","targetHints":{"allow":["GET"]}}],"collection":[{"href":"https:\/\/antikfoto.hu\/index.php?rest_route=\/wp\/v2\/pages"}],"about":[{"href":"https:\/\/antikfoto.hu\/index.php?rest_route=\/wp\/v2\/types\/page"}],"author":[{"embeddable":true,"href":"https:\/\/antikfoto.hu\/index.php?rest_route=\/wp\/v2\/users\/1"}],"replies":[{"embeddable":true,"href":"https:\/\/antikfoto.hu\/index.php?rest_route=%2Fwp%2Fv2%2Fcomments&post=10"}],"version-history":[{"count":21,"href":"https:\/\/antikfoto.hu\/index.php?rest_route=\/wp\/v2\/pages\/10\/revisions"}],"predecessor-version":[{"id":1399,"href":"https:\/\/antikfoto.hu\/index.php?rest_route=\/wp\/v2\/pages\/10\/revisions\/1399"}],"wp:attachment":[{"href":"https:\/\/antikfoto.hu\/index.php?rest_route=%2Fwp%2Fv2%2Fmedia&parent=10"}],"curies":[{"name":"wp","href":"https:\/\/api.w.org\/{rel}","templated":true}]}}